+ 4 - (w - 1)*3?
3, 5, 11
Let r = 36 + 89. Let l = r + 30. Suppose 3*w - 316 = 3*c + l, 5*c - 151 = -w. What are the prime factors of w?
2, 3, 13
Let o(h) = -h**2 - 7*h + 6. Let b be o(-5). What are the prime factors of (-20 - -135)*b/10?
2, 23
Let p(r) = 5*r**2 - r - 4 - r**2 + 4*r. Let t be p(1). List the prime factors of (-1694)/(-11) - (t - -1).
2, 3, 5
Let c(w) = w + 188. Let a be c(36). List the prime factors of 6 + a/(-36) + (-15592)/(-18).
2, 433
Let v(m) = 10*m + 44. Let i be v(-5). Suppose 16*y + 86 = 18*y. Let x = y - i. List the prime factors of x.
7
Let l(v) = 7*v + 11. Let o be l(3). Suppose u + o = -178. Let c = -49 - u. What are the prime factors of c?
7, 23
Suppose -5*u + 135 = -360. Suppose 0 = 3*z + z - o - 132, -o + u = 3*z. Suppose 3*a - 3 + 42 = 5*r, 4*r = 3*a + z. List the prime factors of r.
2, 3
Suppose 4*h = 4*m - 8, h = -4*m - 2*h - 6. Suppose 3*d - 15 = m, 31 = -5*b + 5*d + 6. Suppose -28*y + 24*y + 428 = b. What are the prime factors of y?
107
Let p(r) be the first derivative of 154*r**3/3 - 25*r**2/2 + 53*r - 99. What are the prime factors of p(2)?
619
Suppose -a = -0 + 2. Let d(t) be the first derivative of 67*t**3/3 - 4*t - 953. List the prime factors of d(a).
2, 3, 11
Suppose -19 = -3*v - 4. Suppose -301 = 4*p - v*p + r, p - 2*r - 301 = 0. List the prime factors of p.
7, 43
Suppose -4*h = 2*s - 9828, 0 = -2*s - 10*h + 9*h + 9837. What are the prime factors of s?
2, 3, 5, 41
What are the prime factors of (-22*(-65)/40)/((-56)/(-1792))?
2, 11, 13
Suppose -2*x - 67*h + 69*h + 34202 = 0, 6*h = 3*x - 51303. What are the prime factors of x?
7, 349
Suppose -3*v + 24653 = -10175 - 620. What are the prime factors of v?
2, 7, 211
Suppose 17*q - 6 = 14*q. Suppose m - 3*y = -0*y + 133, -q*y = 10. Let a = m - 70. What are the prime factors of a?
2, 3
Let m be ((-3)/2)/(6 - 168/32). Let w(t) = 87*t**2 - 17*t - 4. What are the prime factors of w(m)?
2, 3, 7
Suppose 61*d + 122*d + 1048969 = 3661294. List the prime factors of d.
5, 571
Suppose 0 = 16*q - 11*q - y - 34488, 20721 = 3*q - 10*y. List the prime factors of q.
3, 11, 19
Let b(r) be the third derivative of 45*r**4/8 - 5*r**3/3 - 10*r**2 + 5. List the prime factors of b(1).
5
Suppose x + x = 4, -5*a - 5*x = -25. Suppose 4*l - 2078 = 2*q, -l - a*q - 2*q = -492. What are the prime factors of l?
11, 47
Let b(g) = -g**3 + 75*g**2 - 59*g + 195. What are the prime factors of b(73)?
2, 3, 1091
Let t be (-2)/9 - -3*(-168028)/(-459). Suppose -t = 20*p - 29*p. List the prime factors of p.
2, 61
Let t(a) be the second derivative of a**4/4 - 19*a**3/3 - 79*a**2/2 + 4*a + 35. List the prime factors of t(21).
2, 223
Suppose y = -2*y + 5*r + 7, -5*r - 8 = -2*y. List the prime factors of 720 - ((7 - y) + -4).
2, 179
Let m(w) = w**3 - 7*w**2 + 15*w + 2. Let t be m(2). Let v = t - -195. What are the prime factors of v?
3, 23
Let h be (0 + -1)*2/14*0. Suppose h*v = 2*l + 5*v - 207, -5*v + 25 = 0. Let u = 184 + l. What are the prime factors of u?
5, 11
Let x = -5183 - -2761. List the prime factors of ((-60)/70)/(3/x).
2, 173
Let y(a) = -15*a - 63. Let v be y(-21). Suppose -3*f + 840 + v = 0. List the prime factors of f.
2, 7, 13
Let t = 2815 + -1543. Suppose 12*k - 8*k = t. What are the prime factors of k?
2, 3, 53
Let t(x) = -x + 1. Let q(w) = -36*w + 99. Let a(v) = -q(v) + 12*t(v). Let g be a(6). Suppose g = b + 2*b. What are the prime factors of b?
19
Suppose 3*g + 2561 = 10347 + 13376. List the prime factors of g.
2, 3527
Let z be (-42 - -44)*(-15)/(-2). Suppose z*m + 17*m = 40704. List the prime factors of m.
2, 3, 53
What are the prime factors of 9*12/(-198) + (-1713744)/(-99)?
2, 3, 5, 577
Suppose -372 = -2*y + c + 1426, 3*c - 1814 = -2*y. Let x = y + -642. What are the prime factors of x?
7, 37
Let f(m) be the first derivative of 8*m**3/3 + 13*m**2/2 - 48*m - 85. List the prime factors of f(7).
3, 5, 29
Let k be ((-18)/(-5))/2 - 11/(-55). Suppose 36 = -k*w + 11*w. What are the prime factors of w?
2
Let a be 57/(-21) - -3 - (-29980)/28. Suppose 0 = 5*y + 4*z - a, 0 = -2*y - y - 4*z + 641. List the prime factors of y.
5, 43
Let q be (2 - -3) + (0 - 8). What are the prime factors of (-439 + 2)*(-7 + 9 + q)?
19, 23
List the prime factors of (28302/(-27))/(-1) - (-11 + (-1515)/(-135)).
2, 131
Let t(l) = -2*l**2 - 5*l + 2. Let a be t(-7). Let z = a - -66. Suppose 0 = 2*x - 5*i - 215, z*x + 3*i - 135 = 4*x. List the prime factors of x.
2, 3, 5
Suppose 110 = -5*r + x, 5*r = 2*x - 4*x - 125. Let h(j) = 13*j + 4*j - 22*j**2 - 21 + 2*j - j**3. What are the prime factors of h(r)?
71
Let l(w) = 7*w + 22. Let b be (-1 - 0 - -4) + 220/10. What are the prime factors of l(b)?
197
Suppose 3*u - 20 = 5*q + 21, 2*q + 22 = 4*u. Let i(b) = b**3 + 12*b**2 + 8*b + 14. What are the prime factors of i(q)?
7, 29
Let t(l) = l**3 + 27*l**2 - 75*l - 436. What are the prime factors of t(-25)?
2689
Let u be 28/(-10) - 2 - 2/10. Let x = u - -9. Suppose -4*i + x = 0, 0*o = -2*o - 3*i + 157. What are the prime factors of o?
7, 11
Let i be 6/(-14) - (-101668)/98. Let q = 1868 - i. What are the prime factors of q?
3, 277
Suppose 2*o + 2*x = 18, 4*o + 0*x = -x + 45. Let q be (-6 + o)/(3/2). Suppose -12 = -3*c - i + 25, -q*c + 46 = 2*i. List the prime factors of c.
2, 7
Let c be 26/13*(7 - 1). Let h be 0 - (-4)/(c/(-15))*-2. Suppose 3*m - h*m + 868 = 0. List the prime factors of m.
2, 31
Let p(f) = -2*f**2 - 71*f + 281. What are the prime factors of p(-30)?
13, 47
Let l(i) = -63*i - 61. Let a(x) = -63*x - 60. Let u(k) = 4*a(k) - 3*l(k). Let q be u(-7). Let t = 657 - q. List the prime factors of t.
3, 7, 13
Let w = -58 + 215. Suppose 183 = s - w. Suppose 2*d = s + 82. List the prime factors of d.
211
Let i(r) = 158*r**2 - 48*r + 58. List the prime factors of i(10).
2, 3, 11, 233
Suppose 15*q - 16*q = 33*q - 2815914. What are the prime factors of q?
3, 19, 1453
Suppose q = 8*j - 6*j + 4835, 3*q - 14497 = 2*j. Suppose -17*t + q = -524. What are the prime factors of t?
3, 5, 7
Let k(q) = 4*q - 45. Let b be k(20). Suppose -5*t + 3*j = 53, 0*t - b = 3*t - 5*j. What are the prime factors of -2 - (552/t)/((-15)/(-50))?
2, 7, 13
Let h = -12 + 16. List the prime factors of ((-2222)/h)/(34/(-68)).
11, 101
Let y = -4072 + 10118. List the prime factors of y.
2, 3023
Let d = -28 + 25. Let y = 129 + -185. List the prime factors of -3 - d*y/(-12).
11
Let d = 44 + -113. Suppose 1639 = 30*a - 971. Let m = a + d. What are the prime factors of m?
2, 3
Let o = 38 + 199. Suppose -2*f + 243 = -631. Let d = f - o. What are the prime factors of d?
2, 5
Let a = 254137 - 177861. What are the prime factors of a?
2, 19069
Let m(a) = 32*a - 445. Let o be m(14). Let s(j) = 171*j**2 + 13*j - 36. List the prime factors of s(o).
2, 3, 257
Suppose -2*y - 3*d = -24, 32 = 2*y + 2*d + 3*d. Suppose 0 = 2*b + 4*p - y*p - 32, 3*b = -3*p + 72. What are the prime factors of b?
2, 5
Let f = -12562 + 24077. List the prime factors of f.
5, 7, 47
Suppose 2*x - x = -3*o, 3 = -x. What are the prime factors of o + 380/2 - 6?
5, 37
Suppose 2*x + 5*j - 3063 = 0, 5*j - 4*j = 3*x - 4586. Suppose 3*z = -3*n - 4557, z + n + x = 2*n. What are the prime factors of -5*(-4)/(-3)*z/40?
2, 127
Let f be 429004/36 + 24/108. Suppose 1390 = -29*v + f. What are the prime factors of v?
3, 11
Let a(k) = -k**2 + 28*k + 38. Let x be a(29). Let d(r) = r**3 + 2*r**3 - r**3 - 44 - 3*r**3 + r + 10*r**2. What are the prime factors of d(x)?
2, 23
Let q(s) = 27*s**3 - 8*s**2 - 2*s + 184. What are the prime factors of q(9)?
7, 13, 211
Suppose -4*q + 3*y = -17, -5 = 3*y + 4. Let d be 1/q*212*1. Suppose -u + 6 = -d. What are the prime factors of u?
2, 7
Let a(y) be the third derivative of y**5/60 - 3*y**4/8 - y**3/6 - 31*y**2. Let k be a(19). Let z = k - 62. List the prime factors of z.
127
Let k be (-3 + 6)*(4 + -1). Suppose 0 = n - 8 - k. Suppose n = 6*y - 43. What are the prime factors of y?
2, 5
Suppose 0 = 8*b - 0*b. Suppose b = -52*f + 49*f + 1608. List the prime factors of f.
2, 67
Let c(v) = 36*v**2 - 2*v + 161. List the prime factors of c(-10).
19, 199
Let c = 44268 + -25130. What are the prime factors of c?
2, 7, 1367
Suppose -2*t - 5*t = -210. Let y = t - -124. What are the prime factors of y?
2, 7, 11
Suppose 22*b + 17637 - 176760 = -7*b. What are the prime factors of b?
3, 31, 59
S